1).
10
(243 - 244) + 5 + 1 + 1 + 2
8
Evaluate (-50 - (-49 + -3)) + (-17 - (2 + 0)).
-17
What is 7 + 4 + (-5 - 1) + 0 - 5?
0
What is the value of (1 - 2) + (-28 - -19) + 3?
-7
Evaluate 20 + -44 + 12 - (-1 + 2 + -4).
-9
What is (1 + 0 - ((3 - 3) + 8)) + 1?
-6
What is 36 + -31 + 20 + -4 + -2 + 4?
23
What is the value of (16 - 1 - (-29 + 38)) + -20?
-14
What is the value of -3 + (-1 - 3) - (11 + -22)?
4
-14 + 1 + (15 + -8 - (11 + -4))
-13
59 + -14 + -25 + 9
29
Evaluate 16 + (-7 - 46 - -29).
-8
2 + 6 + -3 + -7 + 6 + 10
14
What is 16 - 0 - (1310 - 1304)?
10
What is the value of (1 - 15) + 8 + (-3 + 0 - -10)?
1
Evaluate -1 + 1 + 4 + -6 + (16 - 1).
13
-14 - (-3 - (43 - 26))
6
8 + (-7 - (12 - 18)) + -1 + 15
21
(-55 - -19) + 17 + -2
-21
Calculate 8 - 7 - (6 - (2 - -3) - 1).
1
What is (10 - -3 - 9) + 2 + -4 + 11?
13
What is the value of 9 + 8 + -23 - -1?
-5
3 + (11 - 10 - 9) + -10
-15
Calculate (-32 - -40) + (0 - 18) + -2 + -6.
-18
(88 - 81) + (3 - 26)
-16
Evaluate 13 + (-7 - -18) + -24 + 20.
20
What is (21 - (-12 + 35)) + 3 + 1 - -29?
31
What is -5 + (5 - (4 + -11)) + 1?
8
-2 + (-2 - 40 - -21)
-23
What is (46 - 34) + 7 - (-2 - -13)?
8
Evaluate (1 - -17 - (73 + -66)) + 0.
11
What is 5 - (-2 + 0) - (1024 - 1041)?
24
-10 + (-1 - (-3 + 6 + -7)) + -17
-24
(67 - 72) + (18 - 0)
13
10 + -45 + -11 + 5 + 21
-20
What is the value of 8 + -4 + (-14 - -4) + 24 + -2?
16
Evaluate -16 - -1 - (15 - 38) - 32.
-24
Calculate -13 - (-3 - (-8 - ((-7 - -10) + -8))).
-13
-1 - (8 + 18 - 26)
-1
Calculate 14 + (-24 - (-10 + -10)).
10
Calculate -3 - ((-9 - -9) + -7 - -5).
-1
What is -24 - -15 - (-2 - (0 - (0 + -4)))?
-3
Evaluate 21 + (-6 - 9) + (2 - (9 + 0)).
-1
What is (-2 - (3 - 17)) + -34 + 25?
3
Calculate 3 - -42 - (-18 + 38).
25
What is the value of -4 + 4 + 7 + -1 + -7?
-1
Calculate -19 + -1 - (156 + -182).
6
What is the value of -5 - (-6 + 7 + -4 - 2)?
0
26 + -6 + -24 - -8
4
Calculate -8 + 8 + (-17 - -32).
15
Evaluate -19 + (16 - 10) + 13.
0
Calculate (-12 + 18 - 12) + 4.
-2
What is the value of -10 + (-11 - (-13 + -1))?
-7
Evaluate (1 - ((2 - 1) + -26)) + 55 + -58.
23
What is the value of (-18 - (-1 - 0)) + (-29 - 3 - -41)?
-8
12 - (8 - (-7 + (-2 - -16)))
11
What is -10 + 10 - -15 - 16 - -4?
3
(-1 - (3 + 4)) + (35 - (34 + -20))
13
What is the value of -4 + 7 - ((-11 - (5 - 4)) + -1)?
16
What is 0 - -48 - (11 + (3 - -2))?
32
What is 5 + -8 + (4 - 4)?
-3
Evaluate -7 - 3 - (-27 - -22).
-5
What is -22 + -2 - -17 - (0 + -2)?
-5
Evaluate 10 - (1 + 15 + -6).
0
What is 14 + -4 + -15 + -12?
-17
What is 2 + (-13 - -2) + (-4 - (-5 + 2))?
-10
1 + -20 + (-27 - -33)
-13
Calculate 4 + (11 - (-11 + 39)).
-13
Evaluate (-4 - -12) + (-6 + 14 - (18 + -8)).
6
Evaluate (-15 + 4 - -26) + -29.
-14
What is -7 + -9 + (12 - -1)?
-3
Calculate 0 + -2 + 23 - (-13 - (-5 + -15)).
14
Evaluate (6 + -1 - (-45 - -57)) + 3.
-4
(4 - 18) + -23 + 32
-5
(17 - (44 + -18)) + (-1 - 1 - -38)
27
-5 + (5 - 1 - 0 - -3) - 8
-6
What is the value of (-12 - -1) + (18 - (-11 + 18))?
0
What is the value of -4 - (-14 + -3 - -9)?
4
What is the value of -5 + (-3 - (-18 - (-10 + 1)))?
1
What is 0 + -18 + (2 - (-23 - -23))?
-16
Evaluate 1 + (37 - 35) + (10 - -1).
14
5 - (19 + 0 + (9 - 21))
-2
Calculate 6 - -2 - (-27 + 21 - -7).
7
-15 - (21 - 11 - 41) - 9
7
11 + 94 + -126 + (8 - 1)
-14
What is the value of -21 + -3 + 9 - ((-3 - 0) + 0)?
-12
What is the value of 0 - 9 - (-5 + 3 + (19 - 8))?
-18
(270 - 261) + -8 + 0
1
156 + -152 - (35 + -3)
-28
What is 22 + -27 + (4 - 1 - 1 - 0)?
-3
7 + (-8 - (-4 + 8)) + -3 - 4
-12
What is -6 - (-26 - (19 - 39) - (1 + -6))?
-5
What is -18 - (-31 - 6) - (-14 - -6)?
27
What is -2 - -1 - 6 - -19?
12
Evaluate (-195 - -187) + 1 + -2 + 4.
-5
Calculate (-20 - -8) + 9 + -3.
-6
Calculate -3 + -6 + (2 - (-6 - 5)).
4
Evaluate -3 - (9 + (-1 - -2 - (-23 - -28))).
-8
Evaluate -6 + -7 + 4 + (10 - 3 - 2).
-4
-8 + (-15 - -2) + 16 + 0 + 18
13
What is (2 - -24) + (-868 - -875)?
33
Evaluate 6 + -8 + 0 + 8.
6
What is the value of -44 + 31 - (-1 - 3) - -18?
9
What is the value of 3 + 0 + 29 + -2 + 1 + 3?
34
What is 20 + -27 + 24 - 46?
-29
What is the value of (-9 - (-9 + -19)) + 3 + -6?
16
(2 + 20 - 22) + -9
-9
Evaluate (-26 - -12) + 5 + -13.
-22
-17 + 12 + (3 - 1) - 3
-6
Calculate -17 + -2 + 1 + -106 + 101.
-23
What is the value of (-6 - (2 - 4)) + -41 + 32?
-13
2 + -25 - (2 + -16 + (9 - -9))
-27
What is 32 + (-10 + 8 - 2) + (6 - 15)?
19
What is the value of (49 - (23 + 28)) + (11 - (1 - 0))?
8
Evaluate 43 - 0 - (-4 + 21 + 15 + -25).
36
-9 + (17 + -5 - -5)
8
((-3 - -3) + -3 - (-46 - -37)) + 4
10
Evaluate (-14 - 1) + 16 - (-7 - -1 - -20).
-13
Calculate (-1 + 4 - (-1 + 2)) + (497 - 488).
11
Calculate 4 + (7 - 19) + -16.
-24
What is the value of 14 - (11 + -3) - (-2 - 0)?
8
(-4 - -2) + (-5 - (-19 + -4))
16
-5 + -5 + 9 + 17 - -1
17
-5 - (2 + -2) - (2 + 4 + -4)
-7
What is the value of -8 - 18 - -3 - -50?
27
What is the value of (-3 - (-3 - 2 - 6)) + 0?
8
What is (0 - 7) + (8 + 1 - (1 - -14))?
-13
10 + (3 - 5) + (4 - (0 + 2))
10
What is the value of 48 + -65 + (42 - 13)?
12
Evaluate -10 - ((-4 - (-2 - 9)) + -16).
-1
Calculate -10 + 0 + (11 - 3) + -7 - -31.
22
Evaluate -5 + -13 + 7 + 17 + (1 - 5).
2
What is the value of 23 - 37 - (-6 - 2) - -30?
24
What is -2 + 9 + -10 + 19 - -1?
17
What is -2 - ((4 - (-6 - -8) - -4) + -3)?
-5
(12 - 19) + (15 - 11 - (-20 - 0))
17
Evaluate (8 - 4) + -6 - (-22 - (-1 + -5)).
14
311 + -335 - (2 + -8)
-18
0 - (-4 - (-1 + 9 + -16))
-4
What is -13 - (-2 + 7 + -7 - -6)?
-17
What is 53 + 3 + (64 - 103)?
17
Evaluate 25 + (2 - -2) + -24 - -13.
18
What is (-7 - 0) + 6 + (3 - 1)?
1
What is -5 + (9 - (-38 + 25))?
17
25 + (35 - 29) + -30
1
What is the value of -2 + -1 - (-44 - -38) - (22 + -1)?
-18
-8 - (27 - (25 - 7))
-17
What is 38 - (60 + (-46 - -15))?
9
Calculate -2 + 41 - (123 + -67).
-17
What is -9 + (-10 - -13) + (0 - 1) - -10?
3
Evaluate (208 - 236) + (29 - -3).
4
What is 1004 - 1004 - (1 + -1 + -1) - 13?
-12
What is the value of -12 + (29 - 3) + -6 + -2 + 1?
7
Evaluate -8 - (-12 - (-3 - 8) - 8).
1
(-23 + -1 - (-19 + 10)) + 22
7
What is the value of 47 + -58 - (3 + 3 + -8 + 6)?
-15
Evaluate (6 + (-4 - 2) - 4) + 0 + -3.
-7
(9 - 6) + -6 + 11
8
What is 26 + 0 + 1 - (27 - (-69 + 86))?
17
What is the value of 5 - 23 - (39 + -46)?
-11
What is the value of -7 - ((-57 - -56) + (1 - 0))?
-7
What is the value of 40 - 6 - (-16 - -24)?
26
What is (0 + 0 - 1) + -440 + 425?
-16
What is the value of -20 + 7 + 16 + -17 + 3?
-11
What is the value of (-18 - -25) + (5 - (-9 + 11))?
10
What is -6 + 0 - ((-6 - -6) + (12 - 7))?
-11
What is 2 + (3 - 23) + -22 + (-30 - -45)?
-25
Evaluate (-6 - -11) + -8 - (7 + 7 - -9).
-26
Evaluate 29 + -19 + (1 - 31) + (-4 - 2).
-26
Calculate (-13 - -45) + (2 - 10 - 1).
23
What is the value of -6 - -7 - (-10 + -2 + -1)?
14
Evaluate ((9 - (5 + 1)) + -2 - 2) + -3.
-4
What is the value of 20 - (-4 + 10) - 35?
-21
Evaluate (40 - (25 - (20 + -15))) + -1.
19
Calculate 2 + 3 - ((2 - (8 + -5)) + -7).
13
What is -6 + 5 + (132 - 151)?
-20
Evaluate -8 + 4 + -2 + -7 + 21 + -19.
-11
What is -4 + 22 - (-8 + (10 - -6))?
10
Evaluate -13 - (-28 + 11) - (10 + -2).
-4
What is 30 - (47 - (4 + 26))?
13
Evaluate (22 - 6) + -7 + 1 + -7.
3
What is (-3 - (-4 + 4)) + (25 - 31) + -14?
-23
What is the value of -21 + (-7 - -10 - -8) - -6?
-4
Calculate 32 - 0 - (-2 + 8 + -9 - -12).
23
What is 20 + (-1 - 14) + 15?
20
1 - (22 - 69 - -21)
27
What is the value of -7 - -8 - -1 - -3?
5
Evaluate 1 + -2 + 112 + -126 - -6.
-9
Evaluate -31 + 62 - 29 - (2 + -1 - -5).
-4
Calculate 17 - (-2 - -21 - 12).
10
Evaluate 3 + 2 + 1 + (5 - (-2 - -2)).
11
Calculate -24 + 85 + -35 + (-8 - 0).
18
What is the value of (9 - 2) + 16 - 8?
15
What is the value of 18 - (0 - (-30 + 20))?
8
(-2 - 3) + (-10 - -18) - 6
-3
Calculate -5 + 14 + -17 - (0 + 4).
-12
1 - (-21 - (2 - 13))
11
-12 + (-74 - -83) + 2 + -11
-12
Calculate (-9 - (20 - (6 + -3 + -6))) + 5.
-27
-162 + 157 - (1 - -5)
-11
-9 + -34 + 27 - (-4 + 0) - 6
-18
What is -46 + (5 - -7) - (1 - 11)?
-24
Calculate 0 - 0 - 11 - (-163 - -156) - -9.
5
Evaluate -3 + (-16 - -14) + -9.
-14
-4 + -17 + 13 + 28
20
What is -22 + 36 + -26 + -1?
-13
What is the value of 18 - 4 - (6 - 3)?
11
What is -1 + 0 + -21 - (-20 - (-81 - -58))?
-25
-21 - -54 - (42 - -19)
-28
What is the value of (-30 - -23) + (20 - 0) 